= 0, 4*l + 116 = 4*y. List the prime factors of y.
29
Let f = -4 - -7. Let l = 3 - f. What are the prime factors of (l/(-1))/(-3) - -5?
5
Suppose 2*k - 23 = 21. List the prime factors of k.
2, 11
Suppose 2*j - 29 = 5*h, 3*j + 2*h + 0*h + 4 = 0. Suppose k - m = -4*m + 22, -4*k + m = -36. Suppose k = j*l - 6. List the prime factors of l.
2
Let k(z) = 9*z + 3. Let f be k(-1). Let q(g) be the second derivative of -g**4/12 - g**3 + 7*g**2/2 - 2*g. What are the prime factors of q(f)?
7
Let s = 13 - 1. Let v be 64/s*(-3)/2. Let u = v - -22. What are the prime factors of u?
2, 7
Let q = -119 + 166. What are the prime factors of q?
47
Suppose 4*c = 2*i - 28, -5*c - 2 = 3*i - 0. Let m be (-195)/(-9) + (-4)/i. Let b = -9 + m. List the prime factors of b.
2, 3
Let p = 208 + -76. What are the prime factors of p?
2, 3, 11
What are the prime factors of 345/12 + (-1)/(-4)?
29
Let q be 9*(-2)/(-3)*-5. Let b = q + 52. Suppose -2*h - 2*x + b = 6, -4*x = -h + 23. What are the prime factors of h?
11
Let h = 161 - 81. What are the prime factors of h?
2, 5
Let v(b) be the first derivative of 10*b**3/3 + 5. What are the prime factors of v(1)?
2, 5
Let r(q) = -2*q**2 + 5*q - 2. Let l be r(3). Let y = 8 + l. Suppose -y*i - 9 + 33 = 0. What are the prime factors of i?
2
Suppose 7*v = 4*v + 81. Suppose 0 = 2*m - 11 - v. What are the prime factors of m?
19
Suppose 4*q = -2*b + 116, 4*b + 222 = 5*q + 64. What are the prime factors of q?
2, 3, 5
Suppose -m + 2*p = 4, -5 = m - p - 2*p. Let g = m - -23. List the prime factors of g.
3, 7
Let q(j) = j**2 - 8*j + 9. Suppose 2*b = 3*b + 3*f - 18, -5*f + 2 = -3*b. Let p be q(b). List the prime factors of 66/p*1/(-2).
11
Let k(c) = c**2 - 9*c - 9. Let q be k(10). Let w = q + 3. List the prime factors of w.
2
Let f be (-2)/4*10*-1. Suppose 4*a + 2*y = y + 196, -f*a + 245 = y. What are the prime factors of a?
7
Let i(b) = 7*b**2 - 6*b + 9. Let l(v) = -v**2 - v + 1. Let m(w) = -i(w) - 6*l(w). List the prime factors of m(9).
2, 3
Let l(p) = -p**2 - 8*p - 4. Suppose 2*c + 3*c = 10. Suppose 3*j + c*w = -3 - 9, 0 = -4*j + 5*w - 16. List the prime factors of l(j).
2, 3
Let m = -22 - -65. List the prime factors of m.
43
Suppose 5*h - 59 = -4*i + 157, -4*i + 3*h = -184. List the prime factors of i.
7
Suppose 0*o + 4*o - 176 = 0. What are the prime factors of o?
2, 11
Let c(d) = d**3 - 7*d**2 + 8*d + 3. List the prime factors of c(7).
59
Suppose -2*z = -5*s + 1335, s - 4*z + 25 = 310. List the prime factors of s.
5, 53
What are the prime factors of (-4)/6 + (-595)/(-15)?
3, 13
List the prime factors of (-1)/(-2) - (-276)/8.
5, 7
Suppose 4*s = 3 + 5. Suppose -4*m = -4*w + 8 + 68, 5*w - s*m - 101 = 0. List the prime factors of w.
3, 7
Let a(c) = c - 1. Let r be a(-1). List the prime factors of r/5 + 186/15.
2, 3
Let x(s) = s**2 - 7*s - 6. Let r(l) = 2*l**2 - 15*l - 13. Let d(c) = -2*r(c) + 5*x(c). List the prime factors of d(6).
2
Let c(k) = -k**2 + 7*k - 3. Let o be c(7). What are the prime factors of (-2 - 0 - 0)*o?
2, 3
Let m = 275 + -190. Suppose g + 60 = 2*a, g - m = -3*a - 0*g. List the prime factors of a.
29
Let n(v) = v**2 + 4. Suppose -4 = -5*q - 4*m - 15, 0 = 5*q + 5*m + 10. List the prime factors of n(q).
13
Let r(g) = -8*g - 10. List the prime factors of r(-25).
2, 5, 19
Let u be ((-6)/(-4))/((-33)/(-44)). Let k be (1/u)/(-1)*2. Let d(r) = -11*r**3 + r**2 - 1. What are the prime factors of d(k)?
11
Suppose 3*q = -5*k - 11, 0*q + k = -3*q + 5. What are the prime factors of (-10)/15 - (-23)/q?
7
Let l = -5 - -5. Suppose l = -3*j, -2*j + 0 = -5*x - 5. What are the prime factors of 6 - 4 - 15/x?
17
Let w be (5 - -1)*(-5)/(-10). Suppose d + w*d = 188. List the prime factors of d.
47
Let l be 12/(-10)*(-30)/9. Suppose -l*a + x = 53, -2*a = -a + 3*x - 3. What are the prime factors of (-1)/4 - 111/a?
3
What are the prime factors of (-399)/(-45) + 8/60?
3
Suppose t = 2*t - 25. Let b = -7 - -7. Suppose 2*o = -2*f, b*f = -4*f + o + t. List the prime factors of f.
5
Let h = -1 - -32. Suppose 0 = -g - 7*s + 3*s + h, -3*s - 7 = -2*g. What are the prime factors of g?
11
Let l = -4 - -10. Suppose -l*y + 35 = -y. What are the prime factors of y?
7
Let h = -87 - -225. List the prime factors of h.
2, 3, 23
What are the prime factors of (6 + -3)*-1*-19?
3, 19
Let b be (-4)/10 - 134/(-10). Suppose 1 = a - 4*q - 4, 2*a = 5*q + b. What are the prime factors of a?
3
Let d = -17 + -1. What are the prime factors of -33*3/(d/4)?
2, 11
Suppose -17*b = -15*b - 54. What are the prime factors of b?
3
Let s(y) = 3*y**3 + 2*y**2 + 2. Suppose -5 = -p - 3*z, -2*p + 0*z = -5*z + 1. What are the prime factors of s(p)?
2, 17
Let p(w) = w**2 + 5*w + 5. Let o be p(-5). Let d(z) = z**3 - 6*z**2 + 7*z - 4. Let s be d(o). Suppose s*j = 2*j + 32. What are the prime factors of j?
2
Let x be (-3)/2*(-16)/12. Let l = x - 0. What are the prime factors of l?
2
List the prime factors of 151 - (1/(-2))/(4/24).
2, 7, 11
Suppose c - 7 = -l, 0 = 3*l - 5*c - 48 + 11. Let v = 14 - l. List the prime factors of v.
5
Let j(v) = -v - 5. Let y be j(-6). Suppose -4*g - 6 = -d, 2*d + g - y = d. Let i = d - -4. What are the prime factors of i?
2, 3
Let r = 22 + -12. Let f = 4 + -11. Let w = f + r. What are the prime factors of w?
3
What are the prime factors of 7/(-3*(-3)/18)?
2, 7
Suppose 218 = 2*n + 4*b, 0 = 2*n + n + 3*b - 312. List the prime factors of n.
3, 11
Let i(q) = 2*q**3 - q**2 - 2*q. Let r be i(2). Suppose 0 = 4*w - r - 56. What are the prime factors of w?
2
What are the prime factors of (1 - (-74)/(-6))*(-60)/8?
5, 17
List the prime factors of (-4590)/(-36) - ((-3)/(-2) + 0).
2, 3, 7
Let g = 89 + -60. List the prime factors of g.
29
Let h = 12 + -9. Let t(d) = -d + 3. Let s be t(3). Suppose s = h*l - 15 - 6. What are the prime factors of l?
7
Let h = -8 - 1. What are the prime factors of 132/h*(-18)/12?
2, 11
Suppose d = -g, 0 = -5*d + 3*g - 3 + 19. Let z(o) = -2*o**2 - 4*o + o**d - 5 - 3*o. What are the prime factors of z(-5)?
5
Suppose -588 = -7*u + 3*u. What are the prime factors of u?
3, 7
Suppose -3*m + 75 = 5*k - 6*m, 5*m = 4*k - 47. What are the prime factors of (k/5)/(30/225)?
3
Let h(t) = -t + 4. Let l = 4 + 2. Suppose -l*u + 2*u = 0. List the prime factors of h(u).
2
Let t(j) = 3*j**2 - 9*j - 5. Let y(d) = -4*d**2 + 9*d + 4. Let s(w) = -5*t(w) - 4*y(w). What are the prime factors of s(-9)?
3
Let q = 8 + -2. List the prime factors of 2/q*0 - -12.
2, 3
Suppose -4*f = -f. List the prime factors of f/(-1) - 1 - -10.
3
Let y = 13 + -9. Suppose 71 = 3*z + 5*o, -y*o = 2*z - 7*z + 106. Suppose 2*m - z = 2*i, 3*i + 63 = 5*m - 0*i. What are the prime factors of m?
3, 5
Let o(k) = -k**3 + 24*k**2 - 18*k + 9. List the prime factors of o(23).
2, 31
Let c = -19 + 13. Let y(w) = w**2 + 6*w. Let x be y(c). Suppose x*q + 2*q - 24 = 0. List the prime factors of q.
2, 3
Let c = 3 - -90. List the prime factors of c.
3, 31
Suppose -c - 4*c = -w + 24, 3*c = -2*w - 4. Suppose -w*g - g = -15. Suppose -2*r - g = -25. What are the prime factors of r?
11
List the prime factors of -116*(-4 + 0 + 2).
2, 29
Suppose 41 - 98 = 3*u. Let w = 61 + -88. Let g = u - w. What are the prime factors of g?
2
Let b = 25 + -5. Suppose b = f + 3*f. What are the prime factors of f?
5
Suppose -5*j = -u + 26, 2*u + 0*u = -j + 63. List the prime factors of u.
31
Let z(h) = -h**2 + 8*h + 5. Let b be z(9). What are the prime factors of (6/b)/(3/(-8))?
2
Suppose -2*w - w + 42 = 0. Suppose -3*f = -5*c + w, 2*c - f - 4 = 2. What are the prime factors of c?
2
Suppose 2*a = -5*a + 21. What are the prime factors of a?
3
Suppose 3*n - 347 = -2*o, -4*n + 5*o = -n - 319. What are the prime factors of n?
113
Let t(s) = -s**3 + 7*s**2 + 2*s + 2. Let m be t(7). Let r = 10 - 10. Suppose 0 = -5*p + 5*q + 110, r*q = -p - q + m. List the prime factors of p.
19
Let b(n) = n**3 + 8*n**2 - 17*n - 8. List the prime factors of b(-9).
2
Let i(x) be the third derivative of -1/24*x**4 + 2/3*x**3 + 0*x + 0 - 4*x**2. What are the prime factors of i(-12)?
2
Let w(a) = -4*a - 1. Let l be (4/2)/((-4)/8). What are the prime factors of w(l)?
3, 5
Suppose 174*c = 178*c - 448. List the prime factors of c.
2, 7
Let k = -71 + 120. Let o = k + -15. What are the prime factors of o?
2, 17
Let m(d) = d - 5. Let s(k) = 4*k - 16. Let i(a) = 16*m(a) - 5*s(a)